{"id":21,"date":"2024-09-18T13:32:32","date_gmt":"2024-09-18T11:32:32","guid":{"rendered":"https:\/\/kobudo-olching.de\/?page_id=21"},"modified":"2024-09-18T19:46:37","modified_gmt":"2024-09-18T17:46:37","slug":"kobudo","status":"publish","type":"page","link":"https:\/\/kobudo-olching.de\/index.php\/kobudo\/","title":{"rendered":"Kobudo"},"content":{"rendered":"\n<p>Die Kampfsportart Kobudo ist mit Karate verwandt, nur eben nicht waffenlos, sondern mit Gegenst\u00e4nden. Klassische, alte Kobudo-\u201aWaffen\u2018 sind zum Beispiel der Langstock (Bo), Kurzstock (Tanbo), Drehschlagstock (Tonfa), Sicheln (Kama) oder kleiner Dreizack (Sai). Im Jugendbereich wird nicht mit Tonfa und Sai trainiert.<\/p>\n\n\n\n<figure class=\"wp-block-image size-large\"><img loading=\"lazy\" decoding=\"async\" width=\"1024\" height=\"445\" src=\"https:\/\/kobudo-olching.de\/wp-content\/uploads\/2024\/09\/Waffen-1024x445.jpg\" alt=\"\" class=\"wp-image-22\" srcset=\"https:\/\/kobudo-olching.de\/wp-content\/uploads\/2024\/09\/Waffen-1024x445.jpg 1024w, https:\/\/kobudo-olching.de\/wp-content\/uploads\/2024\/09\/Waffen-300x130.jpg 300w, https:\/\/kobudo-olching.de\/wp-content\/uploads\/2024\/09\/Waffen-768x334.jpg 768w, https:\/\/kobudo-olching.de\/wp-content\/uploads\/2024\/09\/Waffen.jpg 1408w\" sizes=\"auto, (max-width: 1024px) 100vw, 1024px\" \/><\/figure>\n\n\n\n<p>Die ersten Waffen, mit denen trainiert wird, sind typisch Bo und Tanbo, gefolgt von Tonfa bzw. stumpfen Kama. Im Fortgeschrittenenbereich wird auch mit weiteren Waffen ge\u00fcbt, zum Beispiel dem Fischerspeer (Nunti-Bo) oder dem Ruder (Eku).<\/p>\n\n\n\n<figure class=\"wp-block-image size-large\"><img loading=\"lazy\" decoding=\"async\" width=\"1024\" height=\"302\" src=\"https:\/\/kobudo-olching.de\/wp-content\/uploads\/2024\/09\/Waffen2-1024x302.jpg\" alt=\"\" class=\"wp-image-23\" srcset=\"https:\/\/kobudo-olching.de\/wp-content\/uploads\/2024\/09\/Waffen2-1024x302.jpg 1024w, https:\/\/kobudo-olching.de\/wp-content\/uploads\/2024\/09\/Waffen2-300x88.jpg 300w, https:\/\/kobudo-olching.de\/wp-content\/uploads\/2024\/09\/Waffen2-768x226.jpg 768w, https:\/\/kobudo-olching.de\/wp-content\/uploads\/2024\/09\/Waffen2.jpg 1426w\" sizes=\"auto, (max-width: 1024px) 100vw, 1024px\" \/><\/figure>\n\n\n\n<p>Kobudo hat, wie auch Karate, seine Urspr\u00fcnge auf Okinawa, ab ungef\u00e4hr dem 16. Jahrhundert. Wiederum \u00e4hnlich zum Karate, gibt es eine Vielzahl an Stilrichtungen, die sich hinsichtlich der genutzten Waffen und Techniken sowie der Trainingsschwerpunkte voneinander unterschieden. Beim SV Esting e. V. trainieren wir S\u00f4chin Ryu Kobudo. Diese Stilrichtung ist in der jetzigen Form vergleichsweise neu und wurde vor allem in den 1980er Jahren von Jim van de Wielle zusammengestellt. Im S\u00f4chin Ryu Kobudo sind relativ viele Partner\u00fcbungen enthalten.<\/p>\n\n\n\n<p>Zudem hat S\u00f4chin Ryu Kobudo seine Wurzeln auch im Jiu-Jitsu. Daher ist auch Selbstverteidigung ein Bestandteil des Trainings. Au\u00dferdem ist Kobudo vom Ursprung her praktisch gedacht \u2013 historische Waffen wie zum Beispiel Kama haben heute zum Gl\u00fcck kaum praktische Relevanz. Modern aufgefasst aber werden Alltagsgegenst\u00e4nde, wie Smartphones oder zusammengerollte Zeitungen, kurze Regenschirme oder auch Schreibstifte, mit den gleichen Prinzipien genutzt zur Verteidigung.<\/p>\n\n\n\n<p>Mehr zu S\u00f4chin Ryu Kobudo: <a href=\"https:\/\/sochin-ryu-kobudo.com\/\">https:\/\/sochin-ryu-kobudo.com\/<\/a><\/p>\n\n\n\n<figure class=\"wp-block-image aligncenter size-full\"><img loading=\"lazy\" decoding=\"async\" width=\"233\" height=\"419\" src=\"https:\/\/kobudo-olching.de\/wp-content\/uploads\/2024\/09\/SRK.gif\" alt=\"\" class=\"wp-image-24\"\/><\/figure>\n","protected":false},"excerpt":{"rendered":"<p>Die Kampfsportart Kobudo ist mit Karate verwandt, nur eben nicht waffenlos, sondern mit Gegenst\u00e4nden. Klassische, alte Kobudo-\u201aWaffen\u2018 sind zum Beispiel der Langstock (Bo), Kurzstock (Tanbo), Drehschlagstock (Tonfa), Sicheln (Kama) oder kleiner Dreizack (Sai). Im Jugendbereich wird nicht mit Tonfa und Sai trainiert. Die ersten Waffen, mit denen trainiert wird, sind typisch Bo und Tanbo, gefolgt [&hellip;]<\/p>\n","protected":false},"author":1,"featured_media":0,"parent":0,"menu_order":0,"comment_status":"closed","ping_status":"closed","template":"","meta":{"footnotes":""},"class_list":["post-21","page","type-page","status-publish","hentry"],"yoast_head":"<!-- This site is optimized with the Yoast SEO plugin v25.1 - https:\/\/yoast.com\/wordpress\/plugins\/seo\/ -->\n<title>Kobudo - Kobudo Olching<\/title>\n<meta name=\"robots\" content=\"index, follow, max-snippet:-1, max-image-preview:large, max-video-preview:-1\" \/>\n<link rel=\"canonical\" href=\"https:\/\/kobudo-olching.de\/index.php\/kobudo\/\" \/>\n<meta property=\"og:locale\" content=\"de_DE\" \/>\n<meta property=\"og:type\" content=\"article\" \/>\n<meta property=\"og:title\" content=\"Kobudo - Kobudo Olching\" \/>\n<meta property=\"og:description\" content=\"Die Kampfsportart Kobudo ist mit Karate verwandt, nur eben nicht waffenlos, sondern mit Gegenst\u00e4nden. Klassische, alte Kobudo-\u201aWaffen\u2018 sind zum Beispiel der Langstock (Bo), Kurzstock (Tanbo), Drehschlagstock (Tonfa), Sicheln (Kama) oder kleiner Dreizack (Sai). Im Jugendbereich wird nicht mit Tonfa und Sai trainiert. Die ersten Waffen, mit denen trainiert wird, sind typisch Bo und Tanbo, gefolgt [&hellip;]\" \/>\n<meta property=\"og:url\" content=\"https:\/\/kobudo-olching.de\/index.php\/kobudo\/\" \/>\n<meta property=\"og:site_name\" content=\"Kobudo Olching\" \/>\n<meta property=\"article:modified_time\" content=\"2024-09-18T17:46:37+00:00\" \/>\n<meta property=\"og:image\" content=\"https:\/\/kobudo-olching.de\/wp-content\/uploads\/2024\/09\/Waffen-1024x445.jpg\" \/>\n<meta name=\"twitter:card\" content=\"summary_large_image\" \/>\n<meta name=\"twitter:label1\" content=\"Gesch\u00e4tzte Lesezeit\" \/>\n\t<meta name=\"twitter:data1\" content=\"2\u00a0Minuten\" \/>\n<script type=\"application\/ld+json\" class=\"yoast-schema-graph\">{\"@context\":\"https:\/\/schema.org\",\"@graph\":[{\"@type\":\"WebPage\",\"@id\":\"https:\/\/kobudo-olching.de\/index.php\/kobudo\/\",\"url\":\"https:\/\/kobudo-olching.de\/index.php\/kobudo\/\",\"name\":\"Kobudo - Kobudo Olching\",\"isPartOf\":{\"@id\":\"https:\/\/kobudo-olching.de\/#website\"},\"primaryImageOfPage\":{\"@id\":\"https:\/\/kobudo-olching.de\/index.php\/kobudo\/#primaryimage\"},\"image\":{\"@id\":\"https:\/\/kobudo-olching.de\/index.php\/kobudo\/#primaryimage\"},\"thumbnailUrl\":\"https:\/\/kobudo-olching.de\/wp-content\/uploads\/2024\/09\/Waffen-1024x445.jpg\",\"datePublished\":\"2024-09-18T11:32:32+00:00\",\"dateModified\":\"2024-09-18T17:46:37+00:00\",\"breadcrumb\":{\"@id\":\"https:\/\/kobudo-olching.de\/index.php\/kobudo\/#breadcrumb\"},\"inLanguage\":\"de\",\"potentialAction\":[{\"@type\":\"ReadAction\",\"target\":[\"https:\/\/kobudo-olching.de\/index.php\/kobudo\/\"]}]},{\"@type\":\"ImageObject\",\"inLanguage\":\"de\",\"@id\":\"https:\/\/kobudo-olching.de\/index.php\/kobudo\/#primaryimage\",\"url\":\"https:\/\/kobudo-olching.de\/wp-content\/uploads\/2024\/09\/Waffen.jpg\",\"contentUrl\":\"https:\/\/kobudo-olching.de\/wp-content\/uploads\/2024\/09\/Waffen.jpg\",\"width\":1408,\"height\":612},{\"@type\":\"BreadcrumbList\",\"@id\":\"https:\/\/kobudo-olching.de\/index.php\/kobudo\/#breadcrumb\",\"itemListElement\":[{\"@type\":\"ListItem\",\"position\":1,\"name\":\"Startseite\",\"item\":\"https:\/\/kobudo-olching.de\/\"},{\"@type\":\"ListItem\",\"position\":2,\"name\":\"Kobudo\"}]},{\"@type\":\"WebSite\",\"@id\":\"https:\/\/kobudo-olching.de\/#website\",\"url\":\"https:\/\/kobudo-olching.de\/\",\"name\":\"Kobudo Olching\",\"description\":\"\",\"publisher\":{\"@id\":\"https:\/\/kobudo-olching.de\/#organization\"},\"potentialAction\":[{\"@type\":\"SearchAction\",\"target\":{\"@type\":\"EntryPoint\",\"urlTemplate\":\"https:\/\/kobudo-olching.de\/?s={search_term_string}\"},\"query-input\":{\"@type\":\"PropertyValueSpecification\",\"valueRequired\":true,\"valueName\":\"search_term_string\"}}],\"inLanguage\":\"de\"},{\"@type\":\"Organization\",\"@id\":\"https:\/\/kobudo-olching.de\/#organization\",\"name\":\"Abteilung Kobudo, SV Esting\",\"url\":\"https:\/\/kobudo-olching.de\/\",\"logo\":{\"@type\":\"ImageObject\",\"inLanguage\":\"de\",\"@id\":\"https:\/\/kobudo-olching.de\/#\/schema\/logo\/image\/\",\"url\":\"https:\/\/kobudo-olching.de\/wp-content\/uploads\/2024\/09\/logo.png\",\"contentUrl\":\"https:\/\/kobudo-olching.de\/wp-content\/uploads\/2024\/09\/logo.png\",\"width\":283,\"height\":134,\"caption\":\"Abteilung Kobudo, SV Esting\"},\"image\":{\"@id\":\"https:\/\/kobudo-olching.de\/#\/schema\/logo\/image\/\"}}]}<\/script>\n<!-- \/ Yoast SEO plugin. -->","yoast_head_json":{"title":"Kobudo - Kobudo Olching","robots":{"index":"index","follow":"follow","max-snippet":"max-snippet:-1","max-image-preview":"max-image-preview:large","max-video-preview":"max-video-preview:-1"},"canonical":"https:\/\/kobudo-olching.de\/index.php\/kobudo\/","og_locale":"de_DE","og_type":"article","og_title":"Kobudo - Kobudo Olching","og_description":"Die Kampfsportart Kobudo ist mit Karate verwandt, nur eben nicht waffenlos, sondern mit Gegenst\u00e4nden. Klassische, alte Kobudo-\u201aWaffen\u2018 sind zum Beispiel der Langstock (Bo), Kurzstock (Tanbo), Drehschlagstock (Tonfa), Sicheln (Kama) oder kleiner Dreizack (Sai). Im Jugendbereich wird nicht mit Tonfa und Sai trainiert. Die ersten Waffen, mit denen trainiert wird, sind typisch Bo und Tanbo, gefolgt [&hellip;]","og_url":"https:\/\/kobudo-olching.de\/index.php\/kobudo\/","og_site_name":"Kobudo Olching","article_modified_time":"2024-09-18T17:46:37+00:00","og_image":[{"url":"https:\/\/kobudo-olching.de\/wp-content\/uploads\/2024\/09\/Waffen-1024x445.jpg","type":"","width":"","height":""}],"twitter_card":"summary_large_image","twitter_misc":{"Gesch\u00e4tzte Lesezeit":"2\u00a0Minuten"},"schema":{"@context":"https:\/\/schema.org","@graph":[{"@type":"WebPage","@id":"https:\/\/kobudo-olching.de\/index.php\/kobudo\/","url":"https:\/\/kobudo-olching.de\/index.php\/kobudo\/","name":"Kobudo - Kobudo Olching","isPartOf":{"@id":"https:\/\/kobudo-olching.de\/#website"},"primaryImageOfPage":{"@id":"https:\/\/kobudo-olching.de\/index.php\/kobudo\/#primaryimage"},"image":{"@id":"https:\/\/kobudo-olching.de\/index.php\/kobudo\/#primaryimage"},"thumbnailUrl":"https:\/\/kobudo-olching.de\/wp-content\/uploads\/2024\/09\/Waffen-1024x445.jpg","datePublished":"2024-09-18T11:32:32+00:00","dateModified":"2024-09-18T17:46:37+00:00","breadcrumb":{"@id":"https:\/\/kobudo-olching.de\/index.php\/kobudo\/#breadcrumb"},"inLanguage":"de","potentialAction":[{"@type":"ReadAction","target":["https:\/\/kobudo-olching.de\/index.php\/kobudo\/"]}]},{"@type":"ImageObject","inLanguage":"de","@id":"https:\/\/kobudo-olching.de\/index.php\/kobudo\/#primaryimage","url":"https:\/\/kobudo-olching.de\/wp-content\/uploads\/2024\/09\/Waffen.jpg","contentUrl":"https:\/\/kobudo-olching.de\/wp-content\/uploads\/2024\/09\/Waffen.jpg","width":1408,"height":612},{"@type":"BreadcrumbList","@id":"https:\/\/kobudo-olching.de\/index.php\/kobudo\/#breadcrumb","itemListElement":[{"@type":"ListItem","position":1,"name":"Startseite","item":"https:\/\/kobudo-olching.de\/"},{"@type":"ListItem","position":2,"name":"Kobudo"}]},{"@type":"WebSite","@id":"https:\/\/kobudo-olching.de\/#website","url":"https:\/\/kobudo-olching.de\/","name":"Kobudo Olching","description":"","publisher":{"@id":"https:\/\/kobudo-olching.de\/#organization"},"potentialAction":[{"@type":"SearchAction","target":{"@type":"EntryPoint","urlTemplate":"https:\/\/kobudo-olching.de\/?s={search_term_string}"},"query-input":{"@type":"PropertyValueSpecification","valueRequired":true,"valueName":"search_term_string"}}],"inLanguage":"de"},{"@type":"Organization","@id":"https:\/\/kobudo-olching.de\/#organization","name":"Abteilung Kobudo, SV Esting","url":"https:\/\/kobudo-olching.de\/","logo":{"@type":"ImageObject","inLanguage":"de","@id":"https:\/\/kobudo-olching.de\/#\/schema\/logo\/image\/","url":"https:\/\/kobudo-olching.de\/wp-content\/uploads\/2024\/09\/logo.png","contentUrl":"https:\/\/kobudo-olching.de\/wp-content\/uploads\/2024\/09\/logo.png","width":283,"height":134,"caption":"Abteilung Kobudo, SV Esting"},"image":{"@id":"https:\/\/kobudo-olching.de\/#\/schema\/logo\/image\/"}}]}},"_links":{"self":[{"href":"https:\/\/kobudo-olching.de\/index.php\/wp-json\/wp\/v2\/pages\/21","targetHints":{"allow":["GET"]}}],"collection":[{"href":"https:\/\/kobudo-olching.de\/index.php\/wp-json\/wp\/v2\/pages"}],"about":[{"href":"https:\/\/kobudo-olching.de\/index.php\/wp-json\/wp\/v2\/types\/page"}],"author":[{"embeddable":true,"href":"https:\/\/kobudo-olching.de\/index.php\/wp-json\/wp\/v2\/users\/1"}],"replies":[{"embeddable":true,"href":"https:\/\/kobudo-olching.de\/index.php\/wp-json\/wp\/v2\/comments?post=21"}],"version-history":[{"count":0,"href":"https:\/\/kobudo-olching.de\/index.php\/wp-json\/wp\/v2\/pages\/21\/revisions"}],"wp:attachment":[{"href":"https:\/\/kobudo-olching.de\/index.php\/wp-json\/wp\/v2\/media?parent=21"}],"curies":[{"name":"wp","href":"https:\/\/api.w.org\/{rel}","templated":true}]}}